3) in base 8?
5303
What is -150256 (base 8) in base 11?
-37156
Convert -21233 (base 5) to base 12.
-a03
-15679 (base 10) to base 15
-49a4
What is -34335 (base 8) in base 3?
-201222011
What is -2011323 (base 4) in base 11?
-6492
Convert -304 (base 9) to base 14.
-139
Convert 11011011011 (base 2) to base 11.
1356
What is -6a7 (base 16) in base 11?
-1309
4ff (base 16) to base 9
1671
Convert 4535 (base 6) to base 2.
10000101011
What is -21714 (base 14) in base 12?
-3aa32
-1256 (base 7) to base 8
-742
What is 544 (base 8) in base 13?
215
What is 130110 (base 4) in base 9?
2433
Convert 3c14 (base 14) to base 3.
112112200
Convert -110002 (base 3) to base 11.
-277
11011110110110 (base 2) to base 4
3132312
-1010001011001 (base 2) to base 13
-24a9
What is -1a4 (base 13) in base 2?
-100101111
Convert 15606 (base 10) to base 6.
200130
Convert 663 (base 11) to base 2.
1100011011
Convert -13351 (base 7) to base 6.
-24421
What is -332122 (base 4) in base 16?
-f9a
What is 1136 (base 7) in base 4?
12203
-111100 (base 3) to base 11
-2a8
36006 (base 7) to base 13
42ab
1001 (base 4) to base 2
1000001
Convert -12d (base 16) to base 14.
-177
Convert -2640 (base 10) to base 16.
-a50
-1110021 (base 3) to base 15
-4aa
20101112 (base 3) to base 11
3555
Convert 354 (base 11) to base 2.
110100110
25665 (base 10) to base 13
b8b3
Convert 1330311 (base 4) to base 8.
17465
What is b (base 12) in base 6?
15
-2295 (base 11) to base 5
-44013
3b7 (base 16) to base 3
1022020
Convert 1002002221 (base 3) to base 13.
9874
What is 8976 (base 10) in base 16?
2310
Convert 2141 (base 8) to base 9.
1475
Convert -7d6 (base 14) to base 13.
-930
What is -4b4b (base 12) in base 13?
-3b81
-d9c (base 14) to base 6
-20234
What is -23321 (base 9) in base 13?
-711a
-1737 (base 14) to base 5
-113130
Convert 2265 (base 7) to base 10.
831
What is -1139 (base 10) in base 7?
-3215
Convert -1022220001 (base 3) to base 7.
-136165
Convert -10300202 (base 4) to base 12.
-b342
What is 2330210 (base 4) in base 15?
3898
What is -1203 (base 9) in base 11?
-743
-636 (base 8) to base 10
-414
What is -204130 (base 5) in base 11?
-5113
311 (base 16) to base 5
11120
100341 (base 7) to base 4
10021113
-764 (base 16) to base 2
-11101100100
32a21 (base 11) to base 8
135312
11010000001 (base 2) to base 15
760
What is 12242 (base 10) in base 7?
50456
Convert -14324 (base 10) to base 7.
-56522
Convert 3902 (base 12) to base 11.
4963
-7b0a (base 16) to base 9
-47177
-433124 (base 6) to base 3
-1210221221
Convert -18b1 (base 15) to base 13.
-257b
-27c1 (base 13) to base 10
-5734
Convert 1000101100111100 (base 2) to base 9.
53804
Convert -6254 (base 7) to base 11.
-1716
Convert 3103322 (base 4) to base 2.
11010011111010
-111111100100 (base 2) to base 4
-333210
Convert -1032223 (base 4) to base 8.
-11653
What is -206 (base 16) in base 14?
-290
What is 1c6c (base 14) in base 13?
2495
5599 (base 11) to base 5
213433
What is 2273 (base 8) in base 14?
627
Convert 349 (base 13) to base 5.
4233
Convert -163334 (base 7) to base 13.
-119a5
What is -c6 (base 16) in base 14?
-102
Convert -111010111101 (base 2) to base 9.
-5152
Convert 201131 (base 4) to base 5.
32031
3ca (base 14) to base 10
766
What is 13211 (base 4) in base 14?
269
34002 (base 7) to base 15
281c
Convert 101101010101011 (base 2) to base 10.
23211
Convert 21895 (base 11) to base 6.
402405
-537 (base 16) to base 14
-6b5
-511 (base 14) to base 15
-465
29b (base 13) to base 14
254
Convert 1012011000 (base 3) to base 5.
1222221
What is 1883 (base 11) in base 3?
10021112
1a16 (base 11) to base 13
121a
10215 (base 10) to base 15
3060
Convert -1012 (base 3) to base 2.
-100000
What is bbc (base 15) in base 9?
3566
Convert 10101110100000 (base 2) to base 10.
11168
-12100 (base 9) to base 10
-8100
Convert -2f4c (base 16) to base 8.
-27514
Convert -244112 (base 5) to base 15.
-2b3c
Convert -238a5 (base 14) to base 12.
-42275
615 (base 14) to base 15
54a
-426 (base 10) to base 5
-3201
What is 1231 (base 6) in base 2?
100110011
Convert -505 (base 6) to base 16.
-b9
What is -403 (base 14) in base 16?
-313
What is -12220 (base 4) in base 13?
-268
110101100111 (base 2) to base 4
311213
-871 (base 10) to base 11
-722
-715 (base 11) to base 8
-1537
What is -10401 (base 5) in base 3?
-222220
Convert -773 (base 14) to base 6.
-10453
What is -2535 (base 9) in base 13?
-b2a
1db (base 15) to base 13
272
200 (base 3) to base 10
18
-56660 (base 7) to base 10
-14399
Convert -1106 (base 8) to base 11.
-48a
17189 (base 10) to base 14
639b
What is -4044 (base 5) in base 6?
-2232
What is 22732 (base 12) in base 6?
552502
-535 (base 6) to base 4
-3023
Convert -5120 (base 7) to base 15.
-7d8
What is 110111100100 (base 2) in base 11?
2743
Convert 121236 (base 7) to base 10.
22077
-10203 (base 5) to base 8
-1246
Convert 110110110 (base 2) to base 16.
1b6
What is -2750 (base 16) in base 9?
-14722
-10773 (base 11) to base 3
-210100121
-1562 (base 9) to base 5
-14230
9549 (base 13) to base 16
50c7
What is -78 (base 16) in base 15?
-80
-200211 (base 3) to base 11
-422
What is 3b56 (base 14) in base 10?
10464
-635 (base 9) to base 11
-431
2302 (base 7) to base 12
597
70527 (base 9) to base 2
1011010100010101
Convert -1 (base 7) to base 2.
-1
Convert -73274 (base 9) to base 6.
-1011451
24574 (base 13) to base 7
365620
-106211 (base 8) to base 16
-8c89
What is 1011 (base 5) in base 4?
2003
Convert 112104 (base 6) to base 12.
5634
-101001111 (base 2) to base 12
-23b
-40 (base 11) to base 15
-2e
-6612 (base 9) to base 5
-123441
What is -1770 (base 8) in base 3?
-1101122
124b5 (base 12) to base 16
6149
Convert 12235 (base 9) to base 13.
397a
Convert -b (base 16) to base 9.
-12
What is 416 (base 16) in base 5?
13141
What is 110334 (base 5) in base 7?
14131
What is -715 (base 16) in base 13?
-a96
42277 (base 8) to base 15
5334
dd4 (base 16) to base 7
13215
8522 (base 9) to base 4
1201301
Convert 4d48 (base 15) to base 5.
1011433
What is -1122430 (base 5) in base 13?
-9367
What is -12e3 (base 16) in base 6?
-34215
What is -22542 (base 6) in base 12?
-1a52
Convert -1af (base 16) to base 7.
-1154
-11071 (base 8) to base 14
-19b3
3525 (base 9) to base 14
d4b
16344 (base 7) to base 3
20100210
7942 (base 11) to base 9
15303
Convert 20011010 (base 3) to base 6.
32433
What is -8e8 (base 15) in base 3?
-2202202
-888 (base 12) to base 5
-20011
What is -10199 (base 12) in base 6?
-241113
Convert -1160c (base 14) to base 6.
-524020
1507 (base 16) to base 10
5383
What is -5940 (base 10) in base 5?
-142230
-24218 (base 9) to base 13
-74c6
What is 2c09 (base 15) in base 3?
110222100
-1632 (base 7) to base 15
-2e0
What is -7e45 (base 15) in base 10?
-26840
-210 (base 12) to base 8
-454
-2b3a (base 16) to base 10
-11066
Convert -23221 (base 4) to base 5.
-10440
Convert -4466 (base 12) to base 13.
-35a0
15125 (base 7) to base 6
31212
101100000011010 (base 2) to base 16
581a
Convert 52554 (base 6) to base 11.
5399
What is -13175 (base 9) in base 16?
-22c1
Convert -3020 (base 4) to base 2.
-11001000
-10e63 (base 15) to base 8
-151154
Convert -1840 (base 13) to base 5.
-103401
3320131 (base 4) to base 7
64234
What is 48ec (base 15) in base 13?
70b0
What is -5357 (base 8) in base 11?
-2115
What is 72714 (base 9) in base 12?
23911
-24240 (base 9) to base 8
-37554
What is 9317 (base 10) in base 4?
2101211
Convert 21011220 (base 3) to base 5.
131420
What is -17213 (base 9) in base 11?
-8992
What is 43a (base 14) in base 15?
3ab
Convert 29e2 (base 15) to base 3.
110022212
Convert 783 (base 9) to base 12.
456
Convert -1d1 (base 15) to base 7.
-1141
Convert 11110000111 (base 2) to base 15.
887
Convert -2794 (base 11) to base 15.
-110c
-918 (base 10) to base 16
-396
ba7b (base 16) to base 4
23221323
-2187 (base 15) to base 9
-10661
What is 4339 (base 11) in base 9?
7765
-410 (base 14) to base 15
-383
What is -1014 (base 10) in base 13?
-600
Convert ab8 (base 13) to base 16.
731
What is -1000001000000100 (base 2) in base 7?
-166016
What is -1212120 (base 3) in base 10?
-1365
-280a (base 11) to base 7
-13420
What is aa (base 12) in base 15?
8a
Convert -3c2b (base 13) to base 8.
-20720
Convert 33 (base 13) to base 6.
110
Convert -1810 (base 10) to base 5.
-24220
Convert -4320 (base 6) to base 7.
-2604
-123 (base 9) to base 6
-250
What is 